 millions digit of 883902290?
3
What is the thousands digit of 2814266946?
6
What is the millions digit of 74752252?
4
What is the hundreds digit of 1653462748?
7
What is the ten thousands digit of 161183092?
8
What is the hundred millions digit of 263894372?
2
What is the thousands digit of 1287970892?
0
What is the hundred thousands digit of 395908198?
9
What is the units digit of 163003552?
2
What is the hundred thousands digit of 105528934?
5
What is the hundreds digit of 3461649983?
9
What is the ten millions digit of 532792171?
3
What is the hundreds digit of 100064366?
3
What is the ten millions digit of 147455675?
4
What is the thousands digit of 141735554?
5
What is the ten thousands digit of 12185258?
8
What is the units digit of 502807848?
8
What is the thousands digit of 28511750?
1
What is the ten thousands digit of 16439738?
3
What is the hundred millions digit of 286575560?
2
What is the ten thousands digit of 4704714084?
1
What is the millions digit of 769658302?
9
What is the millions digit of 53213061?
3
What is the ten millions digit of 1824450485?
2
What is the ten millions digit of 130333996?
3
What is the units digit of 669193802?
2
What is the units digit of 1600273702?
2
What is the units digit of 544871409?
9
What is the units digit of 1045350755?
5
What is the hundred millions digit of 1368045128?
3
What is the ten millions digit of 2694801238?
9
What is the ten millions digit of 1193861757?
9
What is the thousands digit of 1320041363?
1
What is the hundred thousands digit of 1675188842?
1
What is the units digit of 63154645?
5
What is the tens digit of 368417684?
8
What is the billions digit of 2295509541?
2
What is the hundred thousands digit of 5490370158?
3
What is the units digit of 64459511?
1
What is the ten thousands digit of 400642462?
4
What is the hundreds digit of 353027562?
5
What is the hundreds digit of 1174795232?
2
What is the ten millions digit of 48352752?
4
What is the ten thousands digit of 245456219?
5
What is the thousands digit of 916453483?
3
What is the thousands digit of 578567873?
7
What is the ten thousands digit of 39360953?
6
What is the tens digit of 84136027?
2
What is the ten thousands digit of 80205405?
0
What is the thousands digit of 175686589?
6
What is the ten millions digit of 35114871?
3
What is the billions digit of 7265844396?
7
What is the units digit of 3026172087?
7
What is the hundred thousands digit of 2147475807?
4
What is the units digit of 41940736?
6
What is the hundred millions digit of 392261876?
3
What is the millions digit of 1078779272?
8
What is the billions digit of 1146953031?
1
What is the thousands digit of 81804237?
4
What is the millions digit of 664463920?
4
What is the hundred thousands digit of 2558565534?
5
What is the units digit of 2943766249?
9
What is the ten thousands digit of 123289640?
8
What is the hundred millions digit of 195046052?
1
What is the thousands digit of 1715484427?
4
What is the ten thousands digit of 40801396?
0
What is the hundred thousands digit of 614023099?
0
What is the thousands digit of 185390826?
0
What is the thousands digit of 5216572?
6
What is the ten thousands digit of 393400926?
0
What is the ten thousands digit of 298415942?
1
What is the hundreds digit of 1213054265?
2
What is the hundred millions digit of 951348901?
9
What is the units digit of 122965062?
2
What is the hundred millions digit of 330306655?
3
What is the thousands digit of 367136478?
6
What is the millions digit of 273220971?
3
What is the tens digit of 189699245?
4
What is the hundred millions digit of 116905607?
1
What is the ten thousands digit of 167832203?
3
What is the thousands digit of 744489354?
9
What is the hundred millions digit of 474386675?
4
What is the thousands digit of 86018473?
8
What is the units digit of 391210383?
3
What is the hundred millions digit of 196199149?
1
What is the hundred thousands digit of 3877815873?
8
What is the millions digit of 5670452839?
0
What is the hundred millions digit of 186471690?
1
What is the millions digit of 109384904?
9
What is the tens digit of 2085176696?
9
What is the millions digit of 118483422?
8
What is the ten thousands digit of 3835907310?
0
What is the tens digit of 1319431118?
1
What is the ten millions digit of 36636377?
3
What is the hundred thousands digit of 591250422?
2
What is the ten millions digit of 9464814447?
6
What is the tens digit of 79189591?
9
What is the hundred millions digit of 163724588?
1
What is the hundred millions digit of 440323748?
4
What is the thousands digit of 181695768?
5
What is the tens digit of 696157327?
2
What is the hundreds digit of 22380082?
0
What is the ten millions digit of 52806040?
5
What is the units digit of 6528624?
4
What is the millions digit of 389256887?
9
What is the units digit of 214749178?
8
What is the ten millions digit of 379260199?
7
What is the hundred thousands digit of 6001765446?
7
What is the tens digit of 699015680?
8
What is the billions digit of 4525923717?
4
What is the hundred thousands digit of 4293925225?
9
What is the tens digit of 5858062289?
8
What is the hundreds digit of 1514880641?
6
What is the millions digit of 223780771?
3
What is the hundred millions digit of 2041646260?
0
What is the hundred thousands digit of 377729154?
7
What is the hundred millions digit of 160730754?
1
What is the hundred thousands digit of 16368446?
3
What is the tens digit of 34543284?
8
What is the hundreds digit of 4499231978?
9
What is the hundred thousands digit of 518605705?
6
What is the tens digit of 1004186832?
3
What is the tens digit of 26622913?
1
What is the hundreds digit of 491919007?
0
What is the hundred thousands digit of 40280799?
2
What is the tens digit of 90489522?
2
What is the millions digit of 609841566?
9
What is the ten millions digit of 364120308?
6
What is the tens digit of 835427618?
1
What is the millions digit of 4662282115?
2
What is the ten thousands digit of 996152105?
5
What is the units digit of 5453302?
2
What is the units digit of 582112?
2
What is the tens digit of 405231547?
4
What is the ten thousands digit of 578164563?
6
What is the millions digit of 162420651?
2
What is the thousands digit of 736286722?
6
What is the hundred millions digit of 1066285211?
0
What is the units digit of 5264823988?
8
What is the hundreds digit of 222080430?
4
What is the ten thousands digit of 292194401?
9
What is the units digit of 244755001?
1
What is the ten millions digit of 25213449?
2
What is the ten millions digit of 451364562?
5
What is the ten millions digit of 50678226?
5
What is the hundred millions digit of 106311257?
1
What is the units digit of 2756565987?
7
What is the millions digit of 776312421?
6
What is the hundred millions digit of 1311766929?
3
What is the hundred thousands digit of 628270333?
2
What is the units digit of 29958227?
7
What is the ten millions digit of 4351865598?
5
What is the ten millions digit of 26822380?
2
What is the ten millions digit of 1806291392?
0
What is the hundreds digit of 794137406?
4
What is the units digit of 478808406?
6
What is the hundreds digit of 632459210?
2
What is the units digit of 194209408?
8
What is the hundreds digit of 36198018?
0
What is the thousands digit of 149907172?
7
What is the thousands digit of 51621056?
1
What is the ten millions digit of 12017546?
1
What is the hundred millions digit of 1938600865?
9
What is the hundreds digit of 447455392?
3
What is the ten thousands digit of 307304511?
0
What is the millions digit of 1070439602?
0
What is the millions digit of 89142473?
9
What is the millions digit of 24208000?
4
What is the hundreds digit of 203431692?
6
What is the units digit of 39640579?
9
What is the hundred thousands digit of 83231651?
2
What is the ten thousands digit of 35813808?
1
What is the units digit of 1013659772?
2
What is the hundred thousands digit of 50110741?
1
What is the tens digit of 674468032?
3
What is the ten thousands digit of 10887994?
8
What is the thousands digit of 823476442?
6
What is the ten millions digit of 1628783696?
2
What is the millions digit of 2907582937?
7
What is the hundred millions digit of 1187061365?
1
What is the hundred thousands digit of 3563496829?
4
What is the thousands